ts digit of i?
6
Let a(r) = -3*r + 1. Let l(c) = -c. Let o(s) = 3*s. Let u(w) = 21*l(w) + 6*o(w). Let g(t) = -7*a(t) + 6*u(t). What is the tens digit of g(6)?
1
Suppose y + 62 + 18 = 0. What is the tens digit of y/(-6) - (-4)/6?
1
Suppose 0 = t + 3*z - 18, 0 = -2*t - 2*z - 2*z + 28. What is the units digit of (30/20)/(t/8)?
2
Let v(d) = d**2 - 4*d - 2. Let u be v(5). Let r be 8/(u*4/6). Suppose -k = 2*a + 2*a - 20, 0 = r*a. What is the tens digit of k?
2
What is the tens digit of 330/9*(-1 - -7)?
2
Suppose 2*b + 2*b + 2*t = -2, -3*t = 3. Suppose -p - 3*p - 36 = b. Let w = -3 - p. What is the units digit of w?
6
Let w = 46 - -56. What is the units digit of w?
2
Let b(l) = -76*l. What is the units digit of b(-1)?
6
Let z(h) = -19*h. Let j be z(-1). Suppose 4*y - 17 - j = 0. What is the units digit of y?
9
Let a = 29 - -3. Suppose -a = -4*n - 0*s - 4*s, 49 = 5*n + 2*s. What is the units digit of n?
1
Let f be (-6*3/6)/(-3). What is the units digit of 1/(((-2)/(-10))/f)?
5
Let b(f) = -f**3 - 3*f**2 + 4*f + 4. Let t = -4 + 6. Let y be 2/((3/t)/(-3)). What is the units digit of b(y)?
4
Let i = -37 + 46. What is the units digit of i?
9
Let i = -2 - -4. Suppose i*g = -g - 321. What is the tens digit of (-10)/35 + g/(-7)?
1
Let o = 4 + -4. Suppose o = 4*k - j - 0*j - 32, -4*j = 0. Suppose -2*l + 0*l + k = 0. What is the units digit of l?
4
Let a be 7/3 + 2/(-6). Let u(q) = -q + 5 - 5 - q + 2*q**2. What is the units digit of u(a)?
4
Suppose 0 = 4*x - 4, -6*z + 15 = -z - 5*x. Suppose w = 2*w - y - 19, 4*w = -z*y + 68. What is the units digit of 12/w + (-22)/(-3)?
8
Let l(z) = z + 4. Let j be l(-4). Suppose -5*q - g - 5 - 5 = j, -3*q = 4*g + 6. What is the units digit of q*1*(-2)/4?
1
Let n = -23 - -81. What is the units digit of n?
8
Suppose 0 + 4 = r. Suppose -r*u - k = -107, 0 = -7*u + 2*u + 3*k + 155. What is the tens digit of u?
2
Let p be ((-9)/15)/1*-25. Let z = p + -9. What is the units digit of z?
6
Let o be 7/(21/18) + -2. Suppose 0 = o*c + 2 - 54. What is the tens digit of c?
1
Let j = -37 - -55. Suppose -3*a - 3*h + 6 = -18, -3*h = 2*a - j. What is the units digit of a?
6
Let k be 8/(-6)*(-45)/6. Let b(d) = d - 1. What is the units digit of b(k)?
9
Let w = -42 - -70. What is the units digit of w?
8
Suppose 0 = 2*w - 5*w - 9. Let j be (-1 + -1)/(1/w). What is the units digit of (j/(-2))/(2 + -3)?
3
Let q = 14 + 6. Suppose -4*s - 3*x = 2*x - 16, -q = -5*s - 2*x. What is the units digit of s?
4
Let z(o) = o**2 - 12*o + 7. Let s be z(5). Let j = -71 - s. Let n = 62 + j. What is the units digit of n?
9
Let j(q) = q**3 + 7*q**2 - 8*q. Let c be j(-8). Suppose -t = -c*t. What is the units digit of -1 + 0 + t + 4?
3
Suppose -2*y - y + 45 = 0. What is the units digit of y?
5
Let p = 14 - 14. Suppose 4*r - r - 93 = p. What is the units digit of r?
1
Let z(t) = -2*t**3 - 4*t**2 + 2*t + 4. Let v be z(-3). Suppose 4*b - v = -0*b. What is the units digit of b?
4
Let o be 19/(-2 - 3/(-1)). Let d = o + 7. Suppose 3*x - d = x. What is the tens digit of x?
1
Suppose n = 2*l - 10, 2*n - 6*n = -4*l + 28. What is the units digit of l?
3
Let o = 15 - 6. What is the units digit of o?
9
What is the tens digit of -3 - ((-276)/(-2))/(-3)?
4
Suppose h + 5*c + 20 = 0, -2*h + 5*c + 6 + 14 = 0. Suppose 4*o + o = h. Suppose o = -u + 6 + 7. What is the tens digit of u?
1
Let i(h) = -h**2 - 10*h + 9. Suppose -4*c - 12 = 24. What is the tens digit of i(c)?
1
Suppose -z = -0*z - 1. Suppose z = -3*x - 11. What is the units digit of (-25)/x + 1/(-4)?
6
Suppose -3*l - 2*l + 125 = 0. Suppose 2*n - 5*f - 22 = l, -4*n + 52 = 4*f. What is the tens digit of n?
1
Let o be (-4)/16 + 50/8. Let i = o - 4. What is the units digit of i?
2
Let u = 21 + -31. Let j = u + 29. What is the tens digit of j?
1
Let a be (12/30)/(2/(-10)). Let l = a - -3. Suppose l + 3 = 2*n. What is the units digit of n?
2
Let x(q) be the second derivative of q**6/120 + q**5/12 - q**4/12 - q**2/2 + 4*q. Let g(b) be the first derivative of x(b). What is the tens digit of g(-5)?
1
Let s(w) = w**2 + 8*w + 2. Let i be s(-8). Suppose -d + 17 = -0*d + 5*b, 5*b - 24 = -i*d. What is the units digit of d?
7
Let k = 29 - -1. Suppose -2 = -n + h - 0, n + 5*h = 26. Suppose -n*t + k = -4*t. What is the tens digit of t?
1
What is the tens digit of (-522)/4*(56/(-12) - -4)?
8
Suppose 3*q + q - 20 = 0. What is the units digit of q?
5
Let j(b) = -b**3 + 5*b**2 + 6*b + 1. What is the units digit of j(5)?
1
Suppose t = d + 13, 5*d + 3 + 40 = 3*t. Let y = t - 1. What is the tens digit of y?
1
Suppose -206 + 59 = -3*z. What is the tens digit of z?
4
Let v(o) = -7*o. What is the tens digit of v(-3)?
2
Suppose 5*p - 65 = 2*w, 0*w - 92 = 3*w - 2*p. Let s = 45 + w. What is the units digit of s?
5
Suppose 3*c + a - 189 = 0, -3*c + 107 = 2*a - 85. What is the tens digit of c?
6
Let a be 4/(-18) + (-3248)/(-36). Suppose -4*y = -5*j + a, j + 2*y - 19 = 3*y. What is the units digit of j?
4
Let b(z) = -z**3 + 7*z**2 - 7*z + 9. Suppose y = -3*i + 3, 2*y - 2 - 4 = -3*i. Suppose -2*n + y*n + 4 = -5*x, -28 = -5*n - x. What is the units digit of b(n)?
3
What is the tens digit of (-4*4/(-8))/(1/32)?
6
Let l(h) = -h**3 - 9*h**2 + 4. Let r be 6*((-3)/2 + 0). What is the units digit of l(r)?
4
Suppose -4*i = 2*x - 5*x - 88, 2*i - 44 = -3*x. Let y = i + -10. Suppose 3*s = y - 0. What is the units digit of s?
4
Let y be 45/6*4/3. Let w be (-15)/y*28/(-3). Let p = w + -7. What is the units digit of p?
7
What is the hundreds digit of 5/25 - 292/5*-2?
1
Suppose -4*s + 2*u + 236 = 0, -4*s = -5*s + 3*u + 54. Suppose -4*z + s = -0*d - 4*d, 0 = -5*z + 5. What is the units digit of (-326)/(-14) + 4/d?
3
Let b(m) = m**2 + 3*m + 2. Let p be b(-2). Suppose -4*t - t + 35 = p. What is the units digit of t?
7
Let x be 2*(-5)/(-4)*2. Suppose 29 = o + 3*a + a, 0 = -x*o - 4*a + 65. What is the units digit of o?
9
Suppose -6*c - 1291 = -4*v - 3*c, c = 5*v - 1611. What is the tens digit of v?
2
Let o(w) = -w**2 + 3*w + 3. Let f be o(3). Suppose -n - 5*q + 96 = f*n, -8 = -2*q. What is the units digit of n?
9
Let m be 10/25 + 13/5. Let d = m - 2. What is the units digit of d?
1
Suppose 30*h - 27*h = 297. What is the units digit of h?
9
Let l(b) = b**2 - 16*b + 6. Let i be l(16). Suppose 0 = i*k - 3*k - 39. What is the tens digit of k?
1
Suppose 0 = -f + 4 - 0. Suppose -f*c + 83 = -4*j + j, c + 5*j - 15 = 0. What is the tens digit of c?
2
Suppose 5*x - x = 32. What is the units digit of (-196)/7*(-2)/x?
7
Let n be ((-5)/10)/(1/6). Let u = -5 - n. Let a = u - -5. What is the units digit of a?
3
Suppose -2*c + 28 = -68. What is the tens digit of c?
4
Let t = -39 + 186. What is the units digit of t?
7
Let q(y) be the first derivative of -y**3/3 + y**2 - y + 2. Let z be q(1). Suppose 4*j = -j + 5, z = 2*w - j - 9. What is the units digit of w?
5
Suppose d - 2*z = -9, -6*d - 21 = -3*d - 4*z. Let v(w) = 4*w - 2. Let l be v(d). Let t = -8 - l. What is the units digit of t?
6
Let f = 66 - 56. What is the tens digit of f?
1
Let n(i) = -5*i + 7. Let x be n(5). Let f = 25 + x. What is the units digit of f?
7
Suppose 3*o = -20 - 1. Let g(s) = -s**3 - 6*s**2 + 5*s - 9. Let j be g(o). Suppose -12 = 3*t, 0*h - 3*t = j*h - 28. What is the units digit of h?
8
Let i = -67 + 154. What is the tens digit of i?
8
Let s = -12 + -6. Let x = 29 + s. Let u = 1 + x. What is the units digit of u?
2
What is the units digit of (-1)/(-2) + (-31)/(-2)?
6
Suppose -2*b - 4*m + 86 = 0, -b + m = -5*b + 165. Let k = 57 - b. What is the tens digit of k?
1
Suppose 2*x + 3*g = -28 + 268, x - 3*g = 120. What is the hundreds digit of x?
1
Suppose -5*k = -6 - 14. Suppose k*i = -2*o + 26 + 54, 3*i - 4*o - 60 = 0. Suppose n - i = -3*l, n - 5*n + 14 = l. What is the units digit of l?
6
Suppose 0 = 5*q - 44 - 56. Suppose q = -3*g + 5*g. What is the tens digit of g?
1
Let o(w) = w**3 + w**2 - w. Let p be o(0). Suppose 0 = -4*s - p*s + 44. What is the tens digit of s?
1
What is the units digit of (-206)/(-4) - (-10)/20?
2
Let j(c) = -13*c. Let a(w) = -52*w + 1. Let x(t) = -2*a(t) + 9*j(t). What is the units digit of x(-3)?
7
Let x(k) = -k**2 - 24*k - 30. What is the units digit of x(-13)?
3
Let m = -290 + 502. What is the tens digit of m?
1
Let f(g) = -2*g**3 - 9*g**2 + g**3 - 2*g - 130 + 131. Suppose 2*r + 27 - 9 = 0. What